e remainder when 30698 is divided by 6129.
53
Calculate the remainder when 244488 is divided by 1955.
113
What is the remainder when 11557876 is divided by 45?
31
Calculate the remainder when 3294490 is divided by 3294488.
2
Calculate the remainder when 10970652 is divided by 1399.
1093
What is the remainder when 46920544 is divided by 9271?
13
Calculate the remainder when 73329948 is divided by 1357962.
0
What is the remainder when 1410467 is divided by 380?
287
What is the remainder when 344218 is divided by 17210?
18
What is the remainder when 1950747 is divided by 389?
301
Calculate the remainder when 77277 is divided by 279.
273
What is the remainder when 1155262 is divided by 16?
14
What is the remainder when 993730 is divided by 780?
10
Calculate the remainder when 1106551 is divided by 138026.
2343
Calculate the remainder when 258794 is divided by 2978.
2686
Calculate the remainder when 13363899 is divided by 488.
19
Calculate the remainder when 1517649 is divided by 7513.
23
What is the remainder when 3032828 is divided by 27?
26
What is the remainder when 6193170 is divided by 3?
0
Calculate the remainder when 20907 is divided by 2319.
36
Calculate the remainder when 417600 is divided by 473.
414
What is the remainder when 5269339 is divided by 6595?
6529
Calculate the remainder when 17168340 is divided by 106.
50
Calculate the remainder when 785807 is divided by 95.
62
What is the remainder when 102141 is divided by 3000?
141
What is the remainder when 1154141 is divided by 140?
121
What is the remainder when 1125396 is divided by 966?
6
What is the remainder when 4845423 is divided by 1615125?
48
Calculate the remainder when 83916 is divided by 27775.
591
What is the remainder when 49039 is divided by 47723?
1316
What is the remainder when 995728 is divided by 12?
4
Calculate the remainder when 95285076 is divided by 39.
3
Calculate the remainder when 1673795 is divided by 372.
167
What is the remainder when 69660433 is divided by 34830206?
21
Calculate the remainder when 14898 is divided by 1092.
702
What is the remainder when 978065 is divided by 488981?
103
What is the remainder when 2732352 is divided by 1281?
1260
Calculate the remainder when 810485 is divided by 8024.
61
Calculate the remainder when 3046107 is divided by 3293.
82
Calculate the remainder when 2071121 is divided by 4943.
4
Calculate the remainder when 488448117 is divided by 2424.
2421
What is the remainder when 127997 is divided by 7528?
21
Calculate the remainder when 6078 is divided by 1154.
308
What is the remainder when 43491895 is divided by 14?
13
Calculate the remainder when 3994723 is divided by 798938.
33
Calculate the remainder when 38328226 is divided by 2443.
2442
Calculate the remainder when 61728140 is divided by 634.
632
What is the remainder when 607895 is divided by 607830?
65
Calculate the remainder when 5961521 is divided by 67.
62
What is the remainder when 263302 is divided by 8489?
143
Calculate the remainder when 18452598 is divided by 595245.
3
What is the remainder when 68503 is divided by 21378?
4369
What is the remainder when 1478392 is divided by 240?
232
What is the remainder when 252657 is divided by 22962?
75
Calculate the remainder when 386519 is divided by 42942.
41
What is the remainder when 12075121 is divided by 603?
46
What is the remainder when 14317438 is divided by 3203?
28
Calculate the remainder when 1307887 is divided by 1304.
1279
What is the remainder when 11083311 is divided by 16592?
16447
Calculate the remainder when 165632 is divided by 4947.
2381
What is the remainder when 4998017 is divided by 277667?
11
What is the remainder when 400427 is divided by 305?
267
What is the remainder when 912188 is divided by 1708?
116
Calculate the remainder when 142976029 is divided by 9976.
9973
What is the remainder when 154194368 is divided by 391?
390
What is the remainder when 11449 is divided by 339?
262
Calculate the remainder when 33418 is divided by 16659.
100
Calculate the remainder when 3465730 is divided by 82517.
16
Calculate the remainder when 2428977 is divided by 303415.
1657
Calculate the remainder when 17641511 is divided by 13.
4
What is the remainder when 19178 is divided by 9543?
92
What is the remainder when 11983887 is divided by 74434?
13
What is the remainder when 1703132 is divided by 212886?
44
What is the remainder when 507664 is divided by 7?
3
What is the remainder when 2500200 is divided by 100008?
0
What is the remainder when 13013255 is divided by 2807?
3
Calculate the remainder when 49141503 is divided by 196566.
3
Calculate the remainder when 6067576 is divided by 75.
1
What is the remainder when 378684 is divided by 181?
32
What is the remainder when 275823 is divided by 8357?
42
Calculate the remainder when 729765002 is divided by 47.
44
What is the remainder when 301763 is divided by 709?
438
What is the remainder when 4140938 is divided by 2070456?
26
What is the remainder when 494207 is divided by 1783?
316
Calculate the remainder when 254644 is divided by 127097.
450
What is the remainder when 43822 is divided by 2004?
1738
What is the remainder when 36089 is divided by 2803?
2453
What is the remainder when 177723 is divided by 88393?
937
Calculate the remainder when 268043 is divided by 17704.
2483
Calculate the remainder when 24516248 is divided by 11.
9
Calculate the remainder when 41283715 is divided by 119.
116
What is the remainder when 216709039 is divided by 80?
79
Calculate the remainder when 81732162 is divided by 27244049.
15
What is the remainder when 321470 is divided by 1901?
201
Calculate the remainder when 5840853 is divided by 40.
13
What is the remainder when 1077016 is divided by 30?
16
Calculate the remainder when 4549858 is divided by 34.
12
Calculate the remainder when 10982591 is divided by 124.
35
Calculate the remainder when 356096271 is divided by 844.
11
Calculate the remainder when 134626591 is divided by 193429.
7
Calculate the remainder when 11071149 is divided by 1055.
1034
Calculate the remainder when 2546139 is divided by 424354.
15
Calculate the remainder when 11656358 is divided by 183.
173
What is the remainder when 200041888 is divided by 20?
8
What is the remainder when 254759455 is divided by 5579?
5578
Calculate the remainder when 1303205 is divided by 3291.
3260
What is the remainder when 22761 is divided by 3252?
3249
Calculate the remainder when 107529 is divided by 107500.
29
Calculate the remainder when 985911 is divided by 5939.
37
Calculate the remainder when 68490231 is divided by 24.
15
Calculate the remainder when 1488192 is divided by 8580.
3852
Calculate the remainder when 16705 is divided by 14597.
2108
Calculate the remainder when 168790518 is divided by 277.
14
What is the remainder when 860147 is divided by 140?
127
Calculate the remainder when 51963 is divided by 4963.
2333
What is the remainder when 7538804 is divided by 797?
778
What is the remainder when 2324010 is divided by 7878?
0
Calculate the remainder when 1406840 is divided by 96.
56
Calculate the remainder when 32124919 is divided by 568.
543
Calculate the remainder when 786962 is divided by 94.
88
What is the remainder when 4318994 is divided by 10?
4
Calculate the remainder when 412495 is divided by 103102.
87
What is the remainder when 293842 is divided by 10798?
2296
Calculate the remainder when 1666581 is divided by 832818.
945
Calculate the remainder when 36824 is divided by 2168.
2136
What is the remainder when 51954 is divided by 307?
71
What is the remainder when 38542090 is divided by 1997?
1987
What is the remainder when 17795094 is divided by 13?
5
Calculate the remainder when 5676850 is divided by 2802.
2800
What is the remainder when 517457 is divided by 1960?
17
Calculate the remainder when 819624 is divided by 111.
0
Calculate the remainder when 80883 is divided by 1038.
957
Calculate the remainder when 39634256 is divided by 688.
640
Calculate the remainder when 6588629 is divided by 4547.
26
Calculate the remainder when 781652 is divided by 1527.
1355
Calculate the remainder when 175688 is divided by 14609.
380
Calculate the remainder when 402556 is divided by 313.
38
What is the remainder when 225423 is divided by 91?
16
Calculate the remainder w